 + 5 - 3*m. Let a(c) = -4*c**3 + c**2 - 2*c + 6. Let l(z) = -5*a(z) + 3*b(z). What is l(-2)?
1
Suppose 0 = -c - 5*o - 48, -3*c + 2*o = 272 - 43. Let m = c - -69. Let g(d) = -d + 6. What is g(m)?
10
Let c(i) = 9*i**2 - 5*i + 1. Let t = -10457 + 10461. What is c(t)?
125
Let i(k) = 3*k**2 - 6*k + 3. Suppose 4 = 2*m - h + 3*h, 3*h = m - 18. Let c(t) = -4*t**2 + 7*t - 3. Let r(n) = m*c(n) + 7*i(n). Determine r(-3).
-24
Let x(h) = 13*h**3 + 5. Let f(n) = -n**3 + 10*n**2 + 169*n - 16. Let t be f(-9). Calculate x(t).
109
Let o(n) = n + 1. Let w(h) = -2*h + 4. Let t(l) = -6*l + 8. Let c(z) = -4*t(z) + 9*w(z). Let b(s) = c(s) - 3*o(s). Determine b(1).
4
Let w(s) = -2*s - 48. Let x = 1596 + -1617. Calculate w(x).
-6
Let y(u) = 13. Let k(c) = -22. Let s(f) = 3*k(f) + 5*y(f). Let n(t) = 7*t - 42*t**2 - 5 + 7 + 11 + 43*t**2. Let a(z) = n(z) + 6*s(z). Calculate a(-6).
1
Let d(z) = -243*z - 734. Let g be d(-3). Let c(l) = 19*l + 95. Calculate c(g).
0
Let k(x) = 64 - 40 + 36337*x**3 - 4*x - 36336*x**3 + 19*x**2. Give k(-19).
100
Let m be (1 + 1)*(-3)/(-1 + -2). Let z(r) = 37 - r + 6*r**m - 80 + 44. Give z(1).
6
Let k(m) be the first derivative of m**6/360 - m**5/40 - m**4/24 + 4*m**3/3 - m**2 + 93. Let b(s) be the third derivative of k(s). Give b(5).
9
Let w(m) = -2*m**3 + 3*m**2 + 5*m - 3. Let a(k) = -2*k**3 + 3*k**2 + 3*k - 2. Let b(j) = -3*a(j) + 2*w(j). Suppose -x + 2 = -0*x. Give b(x).
6
Let l(o) = 11*o - 87. Let k = 9216 + -9207. What is l(k)?
12
Let h = 10964 - 10947. Let c(v) = v**3 - 16*v**2 - 18*v + 19. Calculate c(h).
2
Suppose 3*z = 2*m + 6*z - 12, -3*m + 4*z + 1 = 0. Let u(s) = -m*s**2 + 13 - 51 + 17 + 19 - 4*s - s**3. Calculate u(-3).
10
Let y(k) = -63*k - 1. Let p(s) = -242*s - 2. Let x(b) = p(b) - 4*y(b). Calculate x(1).
12
Suppose -48 = 5*c - 2*q - 36, -6 = -4*c - q. Let u(f) = -10*f**2 + 4*f + 3. Let a(h) = 7*h**2 - 3*h - 2. Let k(d) = -7*a(d) - 5*u(d). What is k(c)?
-1
Let y(q) = -5*q + 2. Let g(f) = -3*f + 52. Let p be g(-12). Let d = -93 + p. Give y(d).
27
Let k(g) = g - 269 + 86 + 83 + 85 + g. Let z(a) be the third derivative of a**4/24 - 7*a**3/6 + 5*a**2. Let p(i) = -3*k(i) + 7*z(i). What is p(6)?
2
Let t(h) = -h**3 + 12*h**2 + 7*h - 67. Let j be 170/14 + 725/(-5075). Determine t(j).
17
Let z(m) = 43*m - 2. Let h(n) = -193*n + 6. Let c(x) = -2*h(x) - 9*z(x). Determine c(-8).
14
Let z(m) = 2*m**2 - 3*m + 7. Let c(v) = v**2 - 2*v + 8. Let h(t) = 5*c(t) - 3*z(t). Give h(11).
-113
Let v(o) be the third derivative of 1/12*o**4 + 9 - 5*o**2 + 0*o - 4/3*o**3. Give v(-9).
-26
Let w be (-74)/(-185) + (-253)/(-55). Let l(o) be the second derivative of 0 + 1/2*o**2 - 11*o - 1/3*o**4 + 1/6*o**3 + 1/20*o**w. Calculate l(4).
5
Let g(b) = 4*b - 167. Let h(c) = -3*c + 168. Let m(s) = -7*g(s) - 6*h(s). Calculate m(17).
-9
Let m(r) = -2*r. Let o = 59 + -55. Suppose u - 2*x + 1 = 0, -3*u - 5 = -x - o*x. Determine m(u).
10
Let z(b) = -3*b - 48. Suppose 0 = -3*y - 2*i - 20, -4*y + 2*i = 3*i + 35. Determine z(y).
-18
Let t(v) = -3*v + 33. Suppose 6 + 46 = 10*h - 48. What is t(h)?
3
Let o be ((-20)/12)/(1/(-3)). Let y(k) = -k**3 + 1 - k - k**2 + 0*k - o. Let r be (-1)/32 + (-691)/(-22112). Calculate y(r).
-4
Let q(p) = -15*p**3 + 23*p**2 - 23*p - 21. Let u(z) = 7*z**3 - 11*z**2 + 10*z + 10. Let o(s) = -6*q(s) - 13*u(s). Give o(7).
-46
Let y(g) be the first derivative of -g**4/4 + 20*g**3/3 - g**2 + 28*g - 1488. What is y(20)?
-12
Suppose 91*u + 699 = -1212. Let w(n) = n**2 + 18*n - 52. Give w(u).
11
Let u(h) = -14 - 12*h - 17*h + 14*h + 17*h. Calculate u(5).
-4
Let y(q) = -20 + 2 + 65*q**2 - 29*q**2 - 5 - 35*q**2 + 5*q. Determine y(-11).
43
Let o(u) = -3546*u - 3542*u - 3544*u - 3542*u + u**2 + 14178*u - 1. Let l be (2 - 22/8)*4. Determine o(l).
-4
Let r(f) = -2*f**2 - 44*f - 382. Let v(n) = -n**2 - 7*n - 4. Let l(p) = -r(p) + 3*v(p). Determine l(34).
-4
Suppose 4*b + 477 = 177. Let h = 173 - 102. Let p = h + b. Let a(r) = r**2 - r - 4. Calculate a(p).
16
Suppose -671 = 97*y + 8. Let m(j) = j**3 + 6*j**2 - 10*j - 25. What is m(y)?
-4
Let a(q) = 19 + 17 + 15*q - 22*q - 10 + 8*q. Suppose -5*s = -4*d - 0*s + 20, -20 = -d + 5*s. Calculate a(d).
26
Let r = -115 - -125. Suppose -263*x + 265*x + r = 0. Let k(u) = -4*u + 5*u + u**2 + 6*u + u**2 + 5. Give k(x).
20
Let r(j) = -j**3 - 7*j**2 + 2*j + 8. Let x(p) = -p**3 - 8*p**2 - p - 15. Suppose 174*v - 172*v + 16 = 0. Let q be x(v). Calculate r(q).
-6
Let s(y) be the second derivative of -y**4/12 + 4*y**3/3 - 3*y**2 - 7*y - 3. Let o(w) = -w**2 + 30*w - 72. Let k be o(27). Calculate s(k).
-15
Let j be -2*(-10 + 3 + 12). Let i(h) = -h**2 + 2*h. Let r(x) = -15*x**2 + 20*x. Let p(a) = j*i(a) + r(a). Give p(2).
-20
Let l(d) = 2*d**2 - 145*d + 343. Let o be l(70). Let p(v) = -v - 3*v + 9 + v. Let g(a) = 2*a - 5. Let q(b) = o*g(b) - 4*p(b). Give q(2).
-5
Let g(c) be the third derivative of 5*c**4/24 - 13*c**3/3 + 2*c**2 - 184. Let z(v) = 3*v - 27. Let r be z(11). Determine g(r).
4
Let i(c) = c - 40. Let g(j) = -15*j + 636. Let o(s) = -g(s) - 16*i(s). Suppose -5*y = -12 - 13. Give o(y).
-1
Let i = 203 - 192. Suppose y + 2*g = 7, 2*y = -6*g + 7*g - i. Let x(c) = 5*c - 2. Determine x(y).
-17
Let n(t) = -2*t**2 + 8*t**2 + 2*t + 3*t + 2*t**2 - 7*t**2 - 3*t. Let x be 4/3*6/(-4). Determine n(x).
0
Suppose 10*p - 31*p - 3549 = 0. Let l = 165 + p. Let v(u) = u + 4. Let t(h) = 3*h + 13. Let k(f) = 2*t(f) - 7*v(f). Determine k(l).
2
Let p(x) = -3*x - 10. Let h be p(-4). Suppose -5*c - h*n = 33, 17 = -3*c + c + 3*n. Let v(b) = -b - 16. Give v(c).
-9
Let j = 276 + -196. Let i = j + -117. Let d = -36 - i. Let y(p) = -p**2 - 1. Determine y(d).
-2
Let r = -7024 - -7042. Let g(b) = -3*b + 43. Calculate g(r).
-11
Let h(r) = -6*r - 1. Let w(b) be the second derivative of 1/12*b**4 - 39/2*b**2 + 1/2*b**3 + 37*b + 0. Let o be w(-8). Give h(o).
-7
Let k(r) = -252*r - 2516. Let s be k(-10). Let v(y) be the third derivative of 7/24*y**s + 0 + 0*y + 5/6*y**3 + 1/120*y**6 + 2/15*y**5 + 17*y**2. Give v(-7).
5
Let t(v) = v**3 - 6*v + 1. Let d(h) = -h + 1. Let w(u) = 6*d(u) - t(u). Suppose -158 + 158 = -25*l. Determine w(l).
5
Let c be ((-1 + 1)/(-4))/(2 - 3). Let d(l) = 4*l**3 + 3*l**2 - 7*l - 36. Let f(b) = 5*b**3 + 4*b**2 - 9*b - 55. Let x(y) = -4*d(y) + 3*f(y). Determine x(c).
-21
Let w be ((-20)/(-8) + -3)*-6. Suppose -5*n = -i + 24, 9 = i + w*n + 1. Let p(j) = 8 + j - 4 - 4 + i*j**2. Give p(-1).
13
Let h be 3*(13 + 352/(-24)). Let n(b) be the second derivative of b**3/6 + 11*b**2/2 - 4*b. What is n(h)?
6
Let g(i) = i**2 + 5*i + 9. Let v be (6/(-8))/((-6)/336*-7). Give g(v).
15
Let t(o) = o**2 - 29*o. Let n be t(29). Let l be n + (-2)/8 + (-33)/12. Let c(k) = -12*k - 2. Give c(l).
34
Let x = -17786 + 17785. Let z(w) = -6*w**2 + 5*w + 5. Calculate z(x).
-6
Let o be (-82)/(-16) - (9 - (-497)/(-56)). Let m(q) = 3*q - 6. Give m(o).
9
Suppose 42 - 186 = 36*p. Let r(z) = -2*z**2 - 6*z - 16. What is r(p)?
-24
Let h = 16773 - 16784. Let i(a) = -2*a**2 - 15*a - 26. Determine i(h).
-103
Let u(b) = 6*b + 60. Let k = -3478 - -3470. Calculate u(k).
12
Let g(l) = -l - 5. Suppose 35 = 342*s - 335*s. Suppose 0*n + 5*y = 5*n + 30, -s*y = -3*n - 8. What is g(n)?
6
Let j be 12 - 11 - (2 - (-2 + 9)). Let d(w) = -j*w**2 + 512*w**3 - 1 - 1022*w**3 + 509*w**3 - 7*w. Give d(-5).
9
Let o(d) = 94*d + 4900. Let v be o(-52). Let t(f) = f + 20. What is t(v)?
32
Let l(v) be the second derivative of v**4/12 - v**3/3 - 3*v**2/2 + v. Suppose -3*s = -20 + 62. Let t be (20/(-5))/(-4) + 42/s. Give l(t).
5
Let b(i) = -24*i**3 + 11*i**2 + 4*i + 58. Let k(v) = -17*v**3 + 7*v**2 + 3*v + 40. Let z(t) = -5*b(t) + 7*k(t). Determine z(5).
-30
Let d(o) be the second derivative of 0 - 1/12*o**4 - 1/3*o**3 - o**2 + 72*o. What is d(-5)?
-17
Suppose 0 = -32*a + 27*a + j + 6, 5*a - 14 = -j. Let i(p) = 5*p**3 + 2 - 8*p + 20*p + 6*p**a - 10*p - 6*p**3. Determine i(6).
14
Let n(m) = -m**2 + 4*m + 13. Let o be n(6). Let z(c) be the first derivative of -5*c**2 + 815. Give z(o).
-10
Let k(q) = -8*q**3 - 2*q**2 + 2*q - 1. Let b be 0*-3*2/6. Let r be 9/((-72)/(-16)) + 0 + b. Suppose -3*a + 2*a = -2*l + 2, 2 = r*l + 5*a. Calculate k(l).
-9
Let v(x) = x**3 + 17*x**2 + 17*x + 19. Let h be v(-16). Let a be 4/(-12)*3*-1. Let t = a + h. Let y(r) = -r**2 + 4*r - 1. Determine y(t).
-1
Let w(p) = -1033 + 2042 